nds digit of 94844134?
4
What is the ten thousands digit of 47823957?
2
What is the ten thousands digit of 425388462?
8
What is the millions digit of 685596011?
5
What is the ten thousands digit of 4165733?
6
What is the hundreds digit of 113224020?
0
What is the millions digit of 133299361?
3
What is the thousands digit of 357793647?
3
What is the units digit of 536501684?
4
What is the millions digit of 32338237?
2
What is the units digit of 38066212?
2
What is the tens digit of 26119926?
2
What is the hundred thousands digit of 34908001?
9
What is the hundred millions digit of 248295264?
2
What is the millions digit of 2650493155?
0
What is the ten thousands digit of 25845046?
4
What is the ten thousands digit of 4372901145?
0
What is the hundreds digit of 4512687?
6
What is the millions digit of 177249794?
7
What is the hundred millions digit of 473050272?
4
What is the ten thousands digit of 346978669?
7
What is the ten thousands digit of 516405154?
0
What is the ten thousands digit of 109823203?
2
What is the ten thousands digit of 210785626?
8
What is the ten millions digit of 1092691263?
9
What is the hundreds digit of 1126504922?
9
What is the ten millions digit of 17955837?
1
What is the units digit of 700222605?
5
What is the hundred thousands digit of 34803052?
8
What is the tens digit of 39085988?
8
What is the hundreds digit of 47805363?
3
What is the thousands digit of 17424659?
4
What is the hundred thousands digit of 496025002?
0
What is the hundred millions digit of 121099531?
1
What is the tens digit of 28525810?
1
What is the ten millions digit of 30223152?
3
What is the hundred thousands digit of 14907395?
9
What is the units digit of 40904654?
4
What is the ten millions digit of 131239076?
3
What is the ten thousands digit of 39148312?
4
What is the ten thousands digit of 61334960?
3
What is the ten millions digit of 2859070218?
5
What is the hundreds digit of 6652699588?
5
What is the tens digit of 2898774595?
9
What is the thousands digit of 143118225?
8
What is the ten thousands digit of 134699482?
9
What is the hundred thousands digit of 38349440?
3
What is the hundred millions digit of 105846901?
1
What is the hundred thousands digit of 2072083946?
0
What is the tens digit of 463802576?
7
What is the hundred millions digit of 1468235512?
4
What is the ten millions digit of 766032719?
6
What is the millions digit of 50044574?
0
What is the hundreds digit of 52528382?
3
What is the thousands digit of 4417676947?
6
What is the ten thousands digit of 40556326?
5
What is the units digit of 4873220737?
7
What is the ten millions digit of 73439354?
7
What is the units digit of 77430548?
8
What is the tens digit of 3574878149?
4
What is the units digit of 41521298?
8
What is the tens digit of 317389945?
4
What is the thousands digit of 337523665?
3
What is the thousands digit of 139131558?
1
What is the units digit of 296619837?
7
What is the hundred thousands digit of 1731986970?
9
What is the thousands digit of 52012824?
2
What is the ten millions digit of 178084508?
7
What is the thousands digit of 60225855?
5
What is the ten millions digit of 795371968?
9
What is the hundred thousands digit of 7711931?
7
What is the thousands digit of 1747099230?
9
What is the millions digit of 23039432?
3
What is the units digit of 2437059326?
6
What is the ten thousands digit of 73230210?
3
What is the billions digit of 4317322926?
4
What is the hundred millions digit of 159574672?
1
What is the ten thousands digit of 44977314?
7
What is the ten thousands digit of 17358308?
5
What is the units digit of 158872216?
6
What is the ten thousands digit of 387975735?
7
What is the ten millions digit of 22649341?
2
What is the hundreds digit of 44578828?
8
What is the hundred thousands digit of 5488051178?
0
What is the tens digit of 35604912?
1
What is the tens digit of 51880881?
8
What is the thousands digit of 52805372?
5
What is the hundred thousands digit of 56717917?
7
What is the millions digit of 9642982?
9
What is the hundred millions digit of 312913746?
3
What is the ten thousands digit of 10100919?
0
What is the hundred millions digit of 2405736059?
4
What is the thousands digit of 85457318?
7
What is the hundred thousands digit of 57051545?
0
What is the tens digit of 71567939?
3
What is the hundred thousands digit of 187803568?
8
What is the hundreds digit of 94386003?
0
What is the hundreds digit of 66441593?
5
What is the millions digit of 24078508?
4
What is the ten thousands digit of 259372793?
7
What is the hundreds digit of 9480515583?
5
What is the hundreds digit of 114998231?
2
What is the millions digit of 200800606?
0
What is the thousands digit of 884581440?
1
What is the hundreds digit of 60798887?
8
What is the tens digit of 72788264?
6
What is the millions digit of 8120063?
8
What is the millions digit of 8258802788?
8
What is the hundred thousands digit of 384937654?
9
What is the units digit of 168051361?
1
What is the ten thousands digit of 4606389467?
8
What is the ten thousands digit of 715114424?
1
What is the units digit of 136776178?
8
What is the hundred millions digit of 584182375?
5
What is the millions digit of 1172272290?
2
What is the ten millions digit of 306927737?
0
What is the millions digit of 1477003854?
7
What is the units digit of 177233199?
9
What is the ten millions digit of 163328030?
6
What is the ten thousands digit of 17439327?
3
What is the units digit of 350426153?
3
What is the ten thousands digit of 1128477500?
7
What is the thousands digit of 3244388?
4
What is the hundreds digit of 180908428?
4
What is the ten millions digit of 907318867?
0
What is the tens digit of 314493436?
3
What is the ten millions digit of 37617185?
3
What is the hundred thousands digit of 537307864?
3
What is the ten millions digit of 939402632?
3
What is the ten millions digit of 416835469?
1
What is the units digit of 5988380211?
1
What is the billions digit of 2463959146?
2
What is the thousands digit of 910731567?
1
What is the millions digit of 915991178?
5
What is the ten millions digit of 186716008?
8
What is the hundred thousands digit of 1449464289?
4
What is the hundreds digit of 46424670?
6
What is the ten thousands digit of 3284464?
8
What is the ten millions digit of 768273974?
6
What is the hundred thousands digit of 364938790?
9
What is the ten thousands digit of 301070996?
7
What is the tens digit of 914408040?
4
What is the ten millions digit of 1107038237?
0
What is the thousands digit of 25168661?
8
What is the millions digit of 34558909?
4
What is the hundred millions digit of 568449402?
5
What is the ten millions digit of 372440412?
7
What is the thousands digit of 132913131?
3
What is the thousands digit of 49568456?
8
What is the ten thousands digit of 111625673?
2
What is the billions digit of 1199621115?
1
What is the thousands digit of 175728879?
8
What is the billions digit of 2441154909?
2
What is the hundred thousands digit of 42369160?
3
What is the thousands digit of 18816309?
6
What is the ten millions digit of 657632470?
5
What is the units digit of 654014919?
9
What is the ten millions digit of 23607371?
2
What is the billions digit of 5587551450?
5
What is the millions digit of 6058593?
6
What is the hundreds digit of 82083793?
7
What is the units digit of 180383788?
8
What is the hundred thousands digit of 895591982?
5
What is the tens digit of 45123685?
8
What is the ten millions digit of 247425194?
4
What is the hundred thousands digit of 35533451?
5
What is the units digit of 1127067993?
3
What is the millions digit of 74013522?
4
What is the hundred thousands digit of 4791452?
7
What is the units digit of 654660312?
2
What is the tens digit of 22372551?
5
What is the tens digit of 328839237?
3
What is the millions digit of 646180873?
6
What is the millions digit of 1982715061?
2
What is the millions digit of 48073384?
8
What is the tens digit of 1530417888?
8
What is the hundred millions digit of 206437724?
2
What is the hundreds digit of 42276557?
5
What is the tens digit of 5476619716?
1
What is the ten millions digit of 246200066?
4
What is the hundred thousands digit of 65712692?
7
What is the millions digit of 179022550?
9
What is the hundreds digit of 34314780